{"id":1503,"date":"2025-02-26T22:45:34","date_gmt":"2025-02-26T21:45:34","guid":{"rendered":"http:\/\/ensemblage.pl\/index.php\/front_page\/"},"modified":"2025-03-05T18:45:45","modified_gmt":"2025-03-05T17:45:45","slug":"front_page","status":"publish","type":"page","link":"https:\/\/ensemblage.pl\/","title":{"rendered":"Home"},"content":{"rendered":"\n\n","protected":false},"excerpt":{"rendered":"Muzyka nowa Od kilkunastu lat tworzymy, wykonujemy i promujemy muzyk\u0119 najnowsz\u0105. Zaczynaj\u0105c od m\u0142odego zespo\u0142u kameralnego \/ orkiestry kameralnej, organizowali\u015bmy na terenie Warszawy przedsi\u0119wzi\u0119cia, podczas kt\u00f3rych zabrzmia\u0142y mi\u0119dzynarodowe prawykonania utwor\u00f3w kameralnych i orkiestrowych. W 2015 powsta\u0142a Fundacja, kt\u00f3ra zosta\u0142a przestrzeni\u0105 dla kompozytor\u00f3w i zespo\u0142\u00f3w wykonuj\u0105cych muzyk\u0119 najnowsz\u0105. Wydawnictwo W 2025 Fundacja Ensemblage uruchomi\u0142a sekcj\u0119 wydawnicz\u0105, [...]","protected":false},"author":1,"featured_media":0,"parent":0,"menu_order":0,"comment_status":"closed","ping_status":"closed","template":"","meta":{"saved_in_kubio":true,"footnotes":""},"class_list":["post-1503","page","type-page","status-publish","hentry"],"kubio_ai_page_context":{"short_desc":"","purpose":"general"},"_links":{"self":[{"href":"https:\/\/ensemblage.pl\/index.php\/wp-json\/wp\/v2\/pages\/1503","targetHints":{"allow":["GET"]}}],"collection":[{"href":"https:\/\/ensemblage.pl\/index.php\/wp-json\/wp\/v2\/pages"}],"about":[{"href":"https:\/\/ensemblage.pl\/index.php\/wp-json\/wp\/v2\/types\/page"}],"author":[{"embeddable":true,"href":"https:\/\/ensemblage.pl\/index.php\/wp-json\/wp\/v2\/users\/1"}],"replies":[{"embeddable":true,"href":"https:\/\/ensemblage.pl\/index.php\/wp-json\/wp\/v2\/comments?post=1503"}],"version-history":[{"count":12,"href":"https:\/\/ensemblage.pl\/index.php\/wp-json\/wp\/v2\/pages\/1503\/revisions"}],"predecessor-version":[{"id":1848,"href":"https:\/\/ensemblage.pl\/index.php\/wp-json\/wp\/v2\/pages\/1503\/revisions\/1848"}],"wp:attachment":[{"href":"https:\/\/ensemblage.pl\/index.php\/wp-json\/wp\/v2\/media?parent=1503"}],"curies":[{"name":"wp","href":"https:\/\/api.w.org\/{rel}","templated":true}]}}

Muzyka nowa Od kilkunastu lat tworzymy, wykonujemy i promujemy muzykę najnowszą. Zaczynając od młodego zespołu kameralnego / orkiestry kameralnej, organizowaliśmy na terenie Warszawy przedsięwzięcia, podczas których zabrzmiały międzynarodowe prawykonania utworów kameralnych i orkiestrowych. W 2015 powstała Fundacja, która została przestrzenią dla kompozytorów i zespołów wykonujących muzykę najnowszą. Wydawnictwo W 2025 Fundacja Ensemblage uruchomiła sekcję wydawniczą, [...]
